iple of 198?
False
Is 48 a factor of 96624?
True
Does 106 divide 455270?
True
Is 1552738 a multiple of 103?
False
Does 16 divide 62960?
True
Is 23720 a multiple of 10?
True
Is 5 a factor of 153120?
True
Is 10 a factor of 145500?
True
Is 139766 a multiple of 7?
False
Is 451656 a multiple of 102?
True
Does 130 divide 695630?
True
Is 249348 a multiple of 132?
True
Is 9399783 a multiple of 33?
False
Does 12 divide 275879?
False
Is 439698 a multiple of 609?
True
Is 26 a factor of 505414?
True
Does 107 divide 269533?
True
Is 226043 a multiple of 155?
False
Does 63 divide 684936?
True
Does 595 divide 12246702?
False
Does 149 divide 73250?
False
Is 264 a factor of 43032?
True
Does 49 divide 208403?
False
Is 29 a factor of 198940?
True
Does 73 divide 100667?
True
Is 1022548 a multiple of 24?
False
Is 4292706 a multiple of 337?
True
Is 59 a factor of 2813356?
True
Is 5807322 a multiple of 18?
True
Does 8 divide 68088?
True
Does 401 divide 44293?
False
Is 30 a factor of 312900?
True
Is 612 a factor of 1906110?
False
Is 9925540 a multiple of 56?
False
Does 111 divide 110778?
True
Does 9 divide 485667?
True
Is 16 a factor of 10246208?
True
Does 2 divide 153004?
True
Does 4 divide 282312?
True
Is 59647 a multiple of 67?
False
Is 153 a factor of 23724?
False
Is 230729 a multiple of 8?
False
Does 445 divide 10906726?
False
Does 40 divide 1793640?
True
Does 538 divide 543380?
True
Is 10 a factor of 992321?
False
Does 664 divide 620176?
True
Does 285 divide 368930?
False
Is 400 a factor of 566000?
True
Is 19 a factor of 301644?
True
Does 133 divide 40432?
True
Is 91675 a multiple of 23?
False
Does 72 divide 18548050?
False
Is 27 a factor of 3331301?
False
Does 2 divide 27686?
True
Is 419 a factor of 137882?
False
Is 47 a factor of 288714?
False
Does 170 divide 12686357?
False
Is 12 a factor of 64680?
True
Is 12533728 a multiple of 32?
True
Is 33 a factor of 2924985?
False
Is 47 a factor of 399500?
True
Is 75 a factor of 426975?
True
Is 2256520 a multiple of 5?
True
Does 94 divide 137906?
False
Is 9 a factor of 2782800?
True
Does 113 divide 153080?
False
Is 558339 a multiple of 41?
False
Is 648725 even?
False
Is 23562 a multiple of 77?
True
Does 293 divide 335192?
True
Is 153184 a multiple of 10?
False
Is 19 a factor of 46995?
False
Does 72 divide 65993?
False
Does 277 divide 1755629?
False
Does 284 divide 253044?
True
Is 1133874 a multiple of 7?
True
Does 19 divide 3454922?
True
Is 14 a factor of 127316?
True
Is 1150292 a multiple of 286?
True
Is 3 a factor of 2490022?
False
Is 10647 a multiple of 39?
True
Does 46 divide 2077360?
True
Does 49 divide 1561336?
True
Is 189105 a multiple of 16?
False
Is 8802 a multiple of 225?
False
Is 3 a factor of 16372?
False
Does 902 divide 1574892?
True
Is 1280060 a multiple of 58?
True
Does 19 divide 26220?
True
Does 62 divide 1054248?
True
Is 706032 a multiple of 24?
True
Is 156672 a multiple of 144?
True
Is 33 a factor of 3700891?
False
Is 4 a factor of 3464238?
False
Is 445 a factor of 375580?
True
Does 2 divide 622773?
False
Does 298 divide 394850?
True
Is 5356636 a multiple of 24?
False
Does 12 divide 223848?
True
Does 3 divide 39944?
False
Is 7 a factor of 254412?
False
Does 86 divide 347962?
False
Is 42 a factor of 3276882?
True
Is 648778 a multiple of 228?
False
Is 7104960 a multiple of 120?
True
Is 31 a factor of 743659?
True
Is 5178157 a multiple of 76?
False
Does 46 divide 493074?
True
Is 878 a factor of 7712352?
True
Is 754 a factor of 470390?
False
Is 8385422 a multiple of 149?
True
Does 22 divide 2018305?
False
Does 11 divide 938773?
True
Is 200 a factor of 2397400?
True
Is 598380 a multiple of 3?
True
Is 19 a factor of 4509147?
False
Does 75 divide 12345197?
False
Does 7 divide 144357?
False
Is 113652 a multiple of 77?
True
Does 93 divide 312633?
False
Is 790572 a multiple of 95?
False
Is 2280430 a multiple of 457?
True
Is 29 a factor of 114879?
False
Is 390 a factor of 1772940?
True
Is 733 a factor of 23452554?
False
Is 40 a factor of 5702415?
False
Is 1631875 a multiple of 625?
True
Does 89 divide 298061?
True
Is 3404808 a multiple of 34?
False
Is 1198197 a multiple of 410?
False
Does 2 divide 574289?
False
Is 26790 a multiple of 15?
True
Is 57149 a multiple of 89?
False
Is 1458039 a multiple of 391?
True
Is 13630 a multiple of 29?
True
Is 552992 a multiple of 233?
False
Does 12 divide 94577?
False
Does 388 divide 8840580?
True
Is 30903 a multiple of 214?
False
Does 133 divide 2105523?
True
Does 73 divide 620120?
False
Is 26 a factor of 4080713?
False
Is 913704 even?
True
Is 718 a factor of 207171?
False
Is 61 a factor of 104497?
False
Does 943 divide 3242129?
False
Does 172 divide 644351?
False
Does 12 divide 159367?
False
Is 380 a factor of 575700?
True
Is 53 a factor of 10562947?
False
Is 74175 a multiple of 25?
True
Is 260 a factor of 3446040?
True
Is 196580 a multiple of 44?
False
Does 65 divide 9313643?
False
Does 1292 divide 2754544?
True
Is 12 a factor of 112560?
True
Is 18 a factor of 922302?
True
Does 14 divide 102382?
True
Is 7 a factor of 312998?
True
Is 700 a factor of 1544900?
True
Is 323884 a multiple of 374?
True
Is 56 a factor of 1084048?
True
Is 135998 a multiple of 106?
True
Is 15 a factor of 275131?
False
Is 13 a factor of 13805220?
True
Is 782159 a multiple of 16?
False
Is 2755378 a multiple of 296?
False
Does 102 divide 12600974?
False
Is 869022 a multiple of 77?
True
Is 8856354 a multiple of 149?
False
Is 214735 a multiple of 67?
True
Is 126180 a multiple of 4?
True
Does 12 divide 3082970?
False
Does 17 divide 5276154?
True
Does 8 divide 713512?
True
Does 670 divide 1685050?
True
Is 7 a factor of 6622?
True
Is 41 a factor of 930700?
True
Does 2464 divide 22924188?
False
Is 52 a factor of 2016945?
False
Does 287 divide 4643660?
True
Is 580203 a multiple of 117?
True
Is 1211371 a multiple of 6?
False
Is 973207 a multiple of 15?
False
Is 7 a factor of 255460?
False
Is 31 a factor of 3276003?
False
Is 167320 a multiple of 356?
True
Is 311808 a multiple of 609?
True
Is 301 a factor of 343140?
True
Is 2466 a multiple of 2?
True
Is 47 a factor of 27636?
True
Is 4020814 a multiple of 6?
False
Is 503 a factor of 1154385?
True
Is 5835027 a multiple of 687?
False
Is 19160271 a multiple of 353?
False
Is 28 a factor of 136112?
False
Is 244 a factor of 785216?
False
Is 9 a factor of 2844796?
False
Is 76 a factor of 1968628?
True
Does 14 divide 4100904?
False
Is 417829 a multiple of 3?
False
Does 13 divide 578917?
False
Does 1071 divide 12423919?
False
Is 1014878 a multiple of 10?
False
Is 19 a factor of 9428?
False
Does 17 divide 1412190?
True
Does 288 divide 6955685?
False
Is 318324 a multiple of 25?
False
Is 1047480 a multiple of 430?
True
Does 13 divide 17457?
False
Is 3270072 a multiple of 156?
True
Is 519902 a multiple of 340?
False
Does 200 divide 3547200?
True
Is 1157138 a multiple of 17?
False
Is 42 a factor of 1622376?
True
Is 222552 a multiple of 111?
False
Does 53 divide 595402?
True
Does 22 divide 165512?
False
Does 16 divide 542528?
True
Does 106 divide 46201?
False
Is 863821 a multiple of 833?
True
Is 4 a factor of 3944212?
True
Is 139 a factor of 527922?
True
Is 530 a factor of 1053110?
True
Is 854 a factor of 25801902?
True
Does 37 divide 21517796?
False
Is 2 a factor of 106461?
False
Does 3 divide 35258?
False
Is 262066 a multiple of 124?
False
Is 48143246 a multiple of 14?
False
Is 166128 a multiple of 6?
True
Is 108 a factor of 11051?
False
Does 6 divide 552628?
False
Does 408 divide 521016?
True
Is 89 a factor of 2450793?
True
Is 17 a factor of 107049?
True
Is 25 a factor of 7436625?
True
Is 36 a factor of 84008?
False
Is 1026000 a multiple of 6?
True
Does 10 divide 353026?
False
Is 1415 a factor of 20169738?
False
Is 581 a factor of 1737771?
True
Is 9603407 a multiple of 301?
False
Is 297385 a multiple of 12?
False
Is 169302 a multiple of 21?
True
Is 357220 a multiple of 265?
True
Is 76342 a multiple of 38?
True
Is 367766 a multiple of 243?
False
Is 1185840 a multiple of 80?
True
Is 17 a factor of 5028704?
False
Is 19 a factor of 666292?
True
Is 2092415 a multiple of 181?
False
Is 8996639 a multiple of 7?
False
Is 603234 a multiple of 339?
False
Is 4551 a multiple of 11?
False
Is 227 a factor of 217239?
True
Is 1213355 a multiple of 11?
True
Does 707 divide 716898?
True
Does